2774?
2, 19, 73
List the prime factors of 45878.
2, 7, 29, 113
What are the prime factors of 4751?
4751
List the prime factors of 73714.
2, 36857
What are the prime factors of 39226?
2, 11, 1783
List the prime factors of 573.
3, 191
List the prime factors of 4137.
3, 7, 197
List the prime factors of 2874.
2, 3, 479
List the prime factors of 9703.
31, 313
List the prime factors of 3071.
37, 83
What are the prime factors of 1014?
2, 3, 13
What are the prime factors of 17254?
2, 8627
What are the prime factors of 18247?
71, 257
What are the prime factors of 4612?
2, 1153
What are the prime factors of 4370?
2, 5, 19, 23
What are the prime factors of 116669?
7, 2381
List the prime factors of 909.
3, 101
List the prime factors of 1922.
2, 31
What are the prime factors of 1538?
2, 769
What are the prime factors of 58456?
2, 7307
What are the prime factors of 106447?
11, 9677
What are the prime factors of 467?
467
What are the prime factors of 1068?
2, 3, 89
What are the prime factors of 16479?
3, 1831
What are the prime factors of 9301?
71, 131
List the prime factors of 76023.
3, 8447
What are the prime factors of 4630?
2, 5, 463
List the prime factors of 3481.
59
List the prime factors of 25544.
2, 31, 103
What are the prime factors of 13993?
7, 1999
List the prime factors of 937.
937
What are the prime factors of 47836?
2, 11959
List the prime factors of 2034.
2, 3, 113
List the prime factors of 21523.
21523
List the prime factors of 190.
2, 5, 19
List the prime factors of 8185.
5, 1637
List the prime factors of 9353.
47, 199
What are the prime factors of 355?
5, 71
What are the prime factors of 1853?
17, 109
List the prime factors of 6310.
2, 5, 631
What are the prime factors of 2799?
3, 311
What are the prime factors of 19534?
2, 9767
What are the prime factors of 1597?
1597
What are the prime factors of 7137?
3, 13, 61
What are the prime factors of 50262?
2, 3, 8377
What are the prime factors of 49091?
7, 7013
What are the prime factors of 68992?
2, 7, 11
List the prime factors of 6054.
2, 3, 1009
What are the prime factors of 15192?
2, 3, 211
What are the prime factors of 105925?
5, 19, 223
What are the prime factors of 195?
3, 5, 13
What are the prime factors of 38977?
38977
List the prime factors of 6640.
2, 5, 83
What are the prime factors of 286?
2, 11, 13
What are the prime factors of 14083?
14083
What are the prime factors of 14825?
5, 593
What are the prime factors of 3221?
3221
What are the prime factors of 8945?
5, 1789
What are the prime factors of 9893?
13, 761
What are the prime factors of 1412?
2, 353
List the prime factors of 1866.
2, 3, 311
List the prime factors of 8608.
2, 269
What are the prime factors of 1727?
11, 157
List the prime factors of 6185.
5, 1237
List the prime factors of 1503.
3, 167
List the prime factors of 4530.
2, 3, 5, 151
List the prime factors of 5379.
3, 11, 163
List the prime factors of 87.
3, 29
List the prime factors of 54363.
3, 18121
What are the prime factors of 64322?
2, 29, 1109
What are the prime factors of 13612?
2, 41, 83
What are the prime factors of 6996?
2, 3, 11, 53
What are the prime factors of 15029?
7, 19, 113
List the prime factors of 4444.
2, 11, 101
List the prime factors of 1105.
5, 13, 17
List the prime factors of 25488.
2, 3, 59
List the prime factors of 1151.
1151
List the prime factors of 398.
2, 199
List the prime factors of 1296.
2, 3
What are the prime factors of 1537?
29, 53
List the prime factors of 29273.
73, 401
What are the prime factors of 12532?
2, 13, 241
What are the prime factors of 17295?
3, 5, 1153
What are the prime factors of 2277?
3, 11, 23
What are the prime factors of 1868?
2, 467
List the prime factors of 2926.
2, 7, 11, 19
What are the prime factors of 36901?
36901
List the prime factors of 1625.
5, 13
List the prime factors of 44783.
19, 2357
List the prime factors of 974.
2, 487
What are the prime factors of 5322?
2, 3, 887
What are the prime factors of 14844?
2, 3, 1237
List the prime factors of 10107.
3, 1123
What are the prime factors of 1005?
3, 5, 67
List the prime factors of 36235.
5, 7247
List the prime factors of 4655.
5, 7, 19
What are the prime factors of 900?
2, 3, 5
List the prime factors of 10889.
10889
What are the prime factors of 286?
2, 11, 13
What are the prime factors of 797?
797
What are the prime factors of 93840?
2, 3, 5, 17, 23
What are the prime factors of 12888?
2, 3, 179
What are the prime factors of 3360?
2, 3, 5, 7
What are the prime factors of 1089?
3, 11
What are the prime factors of 5266?
2, 2633
List the prime factors of 1120.
2, 5, 7
What are the prime factors of 2077?
31, 67
List the prime factors of 8446.
2, 41, 103
List the prime factors of 11444.
2, 2861
List the prime factors of 167031.
3, 67, 277
List the prime factors of 106.
2, 53
List the prime factors of 177373.
7, 25339
List the prime factors of 27972.
2, 3, 7, 37
What are the prime factors of 7009?
43, 163
List the prime factors of 3460.
2, 5, 173
List the prime factors of 364.
2, 7, 13
What are the prime factors of 54544?
2, 7, 487
What are the prime factors of 907?
907
What are the prime factors of 7156?
2, 1789
What are the prime factors of 77960?
2, 5, 1949
What are the prime factors of 573?
3, 191
List the prime factors of 594.
2, 3, 11
List the prime factors of 1289.
1289
What are the prime factors of 1069?
1069
What are the prime factors of 2049?
3, 683
What are the prime factors of 1644?
2, 3, 137
List the prime factors of 16482.
2, 3, 41, 67
List the prime factors of 52830.
2, 3, 5, 587
List the prime factors of 21260.
2, 5, 1063
List the prime factors of 2587.
13, 199
What are the prime factors of 486?
2, 3
List the prime factors of 2331.
3, 7, 37
List the prime factors of 75212.
2, 18803
List the prime factors of 111990.
2, 3, 5, 3733
List the prime factors of 2435.
5, 487
What are the prime factors of 34924?
2, 8731
What are the prime factors of 14938?
2, 7, 11, 97
What are the prime factors of 225?
3, 5
List the prime factors of 35710.
2, 5, 3571
What are the prime factors of 60192?
2, 3, 11, 19
List the prime factors of 67159.
239, 281
List the prime factors of 529.
23
List the prime factors of 1037.
17, 61
What are the prime factors of 1991?
11, 181
List the prime factors of 17774.
2, 8887
What are the prime factors of 1501?
19, 79
List the prime factors of 17468.
2, 11, 397
List the prime factors of 77151.
3, 25717
What are the prime factors of 1897?
7, 271
What are the prime factors of 553?
7, 79
List the prime factors of 44363.
11, 37, 109
What are the prime factors of 907?
907
What are the prime factors of 2122?
2, 1061
List the prime factors of 6751.
43, 157
What are the prime factors of 92901?
3, 173, 179
List the prime factors of 77774.
2, 37, 1051
List the prime factors of 12516.
2, 3, 7, 149
List the prime factors of 3202.
2, 1601
What are the prime factors of 1103?
1103
List the prime factors of 84193.
59, 1427
List the prime factors of 58603.
58603
List the prime factors of 78521.
233, 337
What are the prime factors of 3126?
2, 3, 521
List the prime factors of 1442.
2, 7, 103
List the prime factors of 61758.
2, 3, 47, 73
List the prime factors of 1042.
2, 521
List the prime factors of 671.
11, 61
List the prime factors of 1342.
2, 11, 61
What are the prime factors of 36745?
5, 7349
List the prime factors of 29426.
2, 14713
What are the prime factors of 1149?
3, 383
What are the prime factors of 955?
5, 191
What are the prime factors of 1982?
2, 991
List the prime factors of 95130.
2, 3, 5, 7, 151
List the prime factors of 28109.
28109
List the prime factors of 33936.
2, 3, 7, 101
What are the prime factors of 4837?
7, 691
What are the prime factors of 457?
457
What are the prime factors of 3598?
2, 7, 257
What are the prime factors of 21829?
83, 263
List the prime factors of 140110.
2, 5, 14011
List the prime factors of 222.
2, 3, 37
List the prime factors of 3758.
2, 1879
What are the prime factors of 254?
2, 127
What are the prime factors of 9209?
9209
List the prime factors of 2143.
2143
What are the prime factors of 953?
953
What are the prime factors of 855?
3, 5, 19
List the prime factors of 95161.
11, 41, 211
List the prime factors of 20803.
71, 293
What are the prime factors of 511?
7, 73
List the prime factors of 1088.
2, 1